e (1/(-1))/(2/(-10)). Suppose 5*i - 10 = 0, -5*v - i + 7 = -k*i. Suppose -4*l + 2*l - 100 = -v*q, 2*q + 2*l = 60. What is the tens digit of q?
3
Let w = -1151 + 1862. What is the hundreds digit of w?
7
Suppose b + 4*g = 12, 4*b = 5*g - 2*g + 67. Let c = 2 + b. What is the tens digit of c?
1
Suppose -3*x = -3*c + 1623, -2*c + 2*x = 6*x - 1070. What is the tens digit of c?
3
Let z = 142 + -40. Suppose 30*l + z = 33*l. What is the units digit of l?
4
Let x(o) = 2*o**3 - 3*o**2 + 2*o - 1. Let r be x(2). Suppose -23*k + 24*k - 52 = 0. Suppose 0 = 3*f + 12, -3*f = 3*h - r*f - k. What is the units digit of h?
2
Suppose -5*p + p = -w - 679, 0 = -5*p + 2*w + 851. What is the units digit of p?
9
Let s = -2123 + 4806. What is the thousands digit of s?
2
What is the hundreds digit of 2188/4 - (8 + -10)?
5
Suppose 3855 = 4*i + 3*c - 2956, 0 = -2*i + 4*c + 3400. What is the tens digit of i?
0
Suppose -8*h + 19405 = 4389. What is the thousands digit of h?
1
Suppose 574 = 3*i - 464. What is the hundreds digit of i?
3
Let z(w) = -w**2 - 12 + w**2 - w**2 + 4*w**2. What is the units digit of z(5)?
3
What is the hundreds digit of (3 - 9 - 82)*-7?
6
Let y = -1104 - -1803. What is the units digit of y?
9
Suppose 1018*j - 1012*j = 8466. What is the tens digit of j?
1
Suppose -4*t + q - 4*q - 277 = 0, 5*t + q + 349 = 0. Let l = -37 - t. What is the tens digit of l?
3
Suppose 0 = -65*h + 9465 + 240525. What is the hundreds digit of h?
8
Let l(u) = 5*u**2 - 5*u. Let t(i) = i**3 + 6*i**2 - 9*i - 17. Let w be t(-7). What is the tens digit of l(w)?
6
Suppose m - 7 = -0*m - 2*o, 0 = -2*m + 4*o + 22. Suppose 2*x - 58 = -7*d + 5*d, -3*x = -d + 21. Suppose -w + m + d = 0. What is the tens digit of w?
3
What is the tens digit of ((-316)/10)/(36/(-1170))?
2
Let g(k) = -699*k - 13. What is the tens digit of g(-1)?
8
Suppose x + 3*l = -x, -4*x = -l. Let q(m) = -m**3 + m**2 - m + 4. Let k be q(0). Suppose x = o + 4, -g + 49 = -k*o. What is the tens digit of g?
3
Let g(i) = -6*i. Let d = -7 - -2. Let q be g(d). What is the units digit of (q/(-4))/((-3)/6)?
5
Suppose 0 = 2*t - c - 4*c - 844, -5*c + 20 = 0. What is the tens digit of t?
3
Let x(r) = -57*r**3 - r**2 + r. Let i be x(1). Suppose 3*h - 297 = -g, 3*h + h - 412 = 4*g. Let j = i + h. What is the units digit of j?
3
Let a be (-27)/(-5) + (-2)/5. Suppose -5 = -2*c + 7. Let g = a + c. What is the units digit of g?
1
Suppose 41 + 708 = -7*o. Let z = 229 + o. What is the units digit of z?
2
Suppose 21*j - 3822 = 15*j. Suppose -67 + j = 6*t. What is the tens digit of t?
9
Let r = 0 - 0. Suppose r = -2*o + 98 + 122. Suppose 6*n = 4*n + 4*v + 68, -3*n - 2*v = -o. What is the units digit of n?
6
Let o be 3/((87/(-96) - 0) + 1). Suppose -84 - o = -f. What is the tens digit of f?
1
Let d = -139 - -214. Let w = -43 + d. What is the tens digit of w?
3
Suppose 0 = -2*a + 4*a + 5*y - 9, -3*a - 19 = y. Let o(d) = -3*d + 0*d - 12 + d. What is the units digit of o(a)?
4
What is the thousands digit of (-10592)/(-24)*(0 + 3)?
1
Suppose 13*h = 10*h + 9. Suppose 91 = h*k - 293. What is the units digit of k?
8
Let a(y) be the first derivative of -2*y**2 - 3*y + 13. Suppose m - 2 = 2*r, 0 = -5*m + 3*r - 16 - 2. What is the units digit of a(m)?
1
Let a = 193 - 62. Let c = a + -52. What is the tens digit of c?
7
Let o be (2 + 10)*(-5)/(-10). Let r(b) = 8*b - 8. What is the tens digit of r(o)?
4
Let z = 12 + -11. What is the units digit of (9 + (-124)/6)/(z/(-21))?
5
What is the tens digit of ((-17342)/(-52))/(13/12 + -1)?
0
Suppose -2*h = h. Let d be 5 - (2 - h) - -17. Suppose 4*i - g = 20 + 5, 0 = 4*i + 4*g - d. What is the units digit of i?
6
Suppose -165 = -4*f - c + 2196, -c - 1179 = -2*f. What is the tens digit of f?
9
Let x be -9 + 8 + 2*3. Suppose 3*u - 5 = -2*j + 5, -3*u = j - x. Suppose -j*m = -64 - 56. What is the units digit of m?
4
Let r(v) = 646*v + 98. What is the thousands digit of r(2)?
1
Let d(o) = o**2 - 9*o + 5. Let s be d(3). Let y = 45 - s. What is the units digit of y?
8
Suppose 114 = -2*a + 4*a + 5*l, 5*a - 304 = -3*l. Suppose -2*r - 10 = -a. What is the tens digit of r?
2
Let w be (-3)/(-6) - 21/(-6). Suppose 0*t + 8 = t. Suppose t*c - 132 = w*c. What is the units digit of c?
3
Suppose -o + 9 = 24. Let v = o + 29. Let a = -11 + v. What is the units digit of a?
3
Suppose 3*x - w = 3889, -2*w + 3760 = 3*x - 126. What is the units digit of x?
6
Suppose 2*h - 321 = 149. What is the tens digit of h?
3
Suppose 0 = 2*y - 5*n - 18, 2*n + 13 = 3*y - 2*n. What is the units digit of (-7 - (-3 + 1))*y?
5
What is the hundreds digit of 5490 + (-144)/(-80)*5/(-3)?
4
Let d(t) be the second derivative of t**4/12 + 7*t**3/6 + 7*t**2/2 + t. Suppose 0 = -10*i + i - 54. What is the units digit of d(i)?
1
Let u = -10 - -21. Let i(d) = -4*d + 2 + 0 - u*d + 2. What is the units digit of i(-2)?
4
Suppose 0 = -2*h + 2*g + 4716, g + 3709 - 10763 = -3*h. What is the tens digit of h?
5
What is the hundreds digit of (-1)/7 - 22178/(-14)?
5
Let b(u) = 15*u - 9 - 3 - 5. Let p(c) = 4*c**2 + 19*c - 18. Let v be p(1). What is the units digit of b(v)?
8
Suppose 0*b = 19*b - 6251. What is the hundreds digit of b?
3
Let p = 4 + 3. Let c = -5 + p. Suppose c*d = 3*d - 12. What is the units digit of d?
2
Let j = 69 - 54. Suppose j*q - 18*q = -282. What is the units digit of q?
4
Suppose 0*m + 3*m - 9 = 0, -12 = -3*h + 3*m. What is the units digit of (7 - h) + 236/2?
8
Suppose 4*j + y + 192 = 1706, 1884 = 5*j - 3*y. What is the units digit of j?
8
What is the thousands digit of ((-431934)/(-1351))/(2/28)?
4
Let l be 1/(-5) + (-336)/70. Let s(f) = -16*f**3 + f**2 + f. Let h be s(-1). Let m = l + h. What is the tens digit of m?
1
Let w be (-5 - 81/(-15))*315. Let h = 241 - w. What is the hundreds digit of h?
1
Suppose -4*n = 23 + 357. What is the units digit of 4 - 9 - (n - 2)?
2
Let f = -14 + 14. Suppose -u = p + p - 413, -3*u - 9 = f. Suppose -4*k = -4*y + p, 3*y + 0*k - k - 150 = 0. What is the units digit of y?
9
Let k be -3*(-8)/(-84) + 36445/35. Suppose 0 = -6*s + k + 135. What is the tens digit of s?
9
Let x = 7 + 23. Suppose -3*z = 2*z + x. What is the units digit of z/(-2) - (-1 + -2)?
6
Let x = 1288 - -682. What is the units digit of x?
0
Suppose -37*q - 49865 + 174333 = 0. What is the tens digit of q?
6
Suppose 2*i + i + 2*x = 26, 5*i - 52 = x. Let h = 23 - i. Suppose d - h = o + 52, 0 = -3*d + 2*o + 197. What is the units digit of d?
7
Let c be (-7 - -6) + 0 + -10*2. Let p = c + 99. What is the units digit of p?
8
Suppose -50*z + 43*z = -7595. What is the units digit of z?
5
Suppose -q = 4, 7*y - 1 = 2*y - q. Let i(d) = 2*d**2 + d. Let r be i(y). Suppose -3 = o, 8*u - r*u - o = 33. What is the units digit of u?
6
Let w(z) = -z**2 + 4*z + 2. Suppose 2*q + 6 = 4. Let f be w(q). Let j = f + 4. What is the units digit of j?
1
What is the hundreds digit of 5453/14 + 1/(-2)?
3
Let m(b) = -70*b - 15. What is the units digit of m(-6)?
5
Let c = 62 + -60. Suppose 0 = 5*v - 6*q + 2*q - 424, -c*v + 168 = -2*q. What is the units digit of v?
8
Let d(b) = 3*b**2 - 3*b - 10. Suppose -18*u = -21*u + 15. What is the units digit of d(u)?
0
Suppose 980 = -0*h + 3*h - 4*s, -2*h + s = -650. What is the units digit of h?
4
Let t = -968 - -1398. What is the hundreds digit of t?
4
Suppose -2*d + 47 = 2*d + 5*m, 25 = 2*d + 3*m. Suppose -5*z + d*z - 19 = -2*b, -3*b - 9 = -3*z. Suppose 4*y - 10 = -b. What is the units digit of y?
2
Suppose 0 = 5*o - 0*o + v + 276, -3*v - 44 = o. What is the units digit of (117/12 + 1)/((-7)/o)?
6
Suppose 4*q - 30 = -q. Let v be (-2 + -4 + q)*1. Suppose v = 6*l - 2*l - 72. What is the units digit of l?
8
Let i be 2*(1 + 12/8). Suppose i*h = h + 20. Suppose -h*u = -6*u + 72. What is the units digit of u?
2
Let r(u) = 3*u**2 + 24*u - 21. Let l be r(-12). Suppose -3*g + 372 = -l. What is the tens digit of g?
6
Let z(l) = l**3 + 16*l**2 - l - 14. Let p be z(-16). Suppose -h = -2 + 1, -n - p*h = -44. What is the units digit of n?
2
Let l(v) = 278 - 278 + 2*v. Suppose 0 = -4*u + 2*n + 14, -u - 4*n - 26 = -7. What is the units digit of l(u)?
2
Suppose -2*o - 413 = 265. Let d = o - -521. What is the units digit of d?
2
Suppose 5*r - 13 = 7. Let g be (r/14)/((-4)/(-56)). What is the tens digit of (g/2)/((-9)/(-99))?
2
Suppose 5*w - 2*w + 2*g = 14, 0 = 2*g 